 + 0?
-5
What is the value of (6 - -5 - 2) + -7?
2
What is the value of (-2 - 2 - -4) + (15 - 12)?
3
Calculate 3 - (2 - 1) - 2.
0
1 + 1 + (21 - 27)
-4
Calculate 194 + -208 - (-7 + 1 + 0).
-8
What is the value of (-4 - (-3 - 6)) + -9?
-4
What is the value of 1 + (0 - 0 - (1 + 5))?
-5
(1 - 0) + -89 + 86
-2
Evaluate 5 + (-2 - (7 + -9)).
5
23 + -20 + -1 + 4
6
Evaluate -3 - (12 + -15 - -4).
-4
Calculate -1 - 1 - (-11 + 7).
2
-4 - (2 + -2 + (-1 - 0))
-3
Calculate 2 + 0 + 2 - (4 + -2).
2
What is the value of -5 + (4 - (-1 - -1 - 0))?
-1
What is the value of -5 - (2 - 0) - (-53 - -52)?
-6
What is -19 - -10 - (4 + -11)?
-2
What is the value of (-10 - -8) + 5 + 0 + 0?
3
Calculate 5 - (0 + 7 + 0).
-2
What is the value of 0 + -4 - (-2 + -7)?
5
(2 - (1 - -4)) + 7
4
What is the value of (-2 - (2 + -11)) + (-8 - -6)?
5
Calculate 5 + -7 + -2 - -7.
3
What is the value of 7 + -1 + 0 + 0 - 2?
4
What is 1 + 2 + 1 + -2?
2
What is the value of 2 + (1 + -7 + 6 - 3)?
-1
9 + (-10 - (18 - 9))
-10
Calculate -20 + (5 + 8 - 1).
-8
Evaluate 0 - (2 - (14 + -9)).
3
-4 - ((-12 - -18) + (-10 - 0))
0
What is the value of 2 + -3 + -1 + 3 + -1?
0
What is the value of (-2 - -2 - (1 - 5)) + 1?
5
Evaluate (-57 - -61) + -11 + 0.
-7
Evaluate -2 + (4 - 2 - (2 + -2)).
0
((-5 - -7) + -6 - -8) + 2
6
What is the value of 6 + 1 - (-21 - -33)?
-5
Evaluate 2 + -10 - (9 - 12).
-5
Evaluate -2 + (-1 - 0) + 4 - 4.
-3
Calculate 7 - (10 + 3) - -7.
1
Calculate -110 + 117 - (1 + (-2 - -1)).
7
What is 2 + 0 + (0 - (-3 + 0))?
5
Evaluate -1 + -3 - (19 + -28).
5
Calculate -4 + -2 - ((-11 - -1) + 8).
-4
Evaluate -9 - (-6 - (-2 - 0)).
-5
Calculate 10 + -9 - (1 + 1 + 3).
-4
-5 - -7 - ((3 - -1) + -2)
0
Calculate 1 - (-2 + 2 + -3).
4
What is the value of 2 - 1 - (-42 + 40)?
3
What is 1 + -8 + 5 + 3 + 1?
2
What is (1 - 0 - -1) + (11 - 13)?
0
Evaluate -2 + 2 + (4 - 0) + -4.
0
-1 - -8 - (-6 - -9)
4
Evaluate 16 + -4 + 36 + -43.
5
Evaluate -8 + 1 + 28 + -24.
-3
Calculate 6 + 6 + (6 - (-4 - -15)).
7
What is (10 - 6) + (-13 - (0 + -3))?
-6
10 - 0 - (20 + -14) - -1
5
What is the value of 0 - -3 - (65 - 63)?
1
Evaluate (-6 - (8 - 18)) + -10.
-6
Calculate 3 + -1 + -1 - (-2 - 1).
4
Evaluate 5 + (6 - 8) + -3.
0
4 + 2 - (6 + -2 + 1)
1
What is the value of -9 + (-4 + 6 + 0 - 1)?
-8
0 + 1 + -1 + (3 - 3)
0
What is the value of -1 + (4 + 5 + -10 - -6)?
4
Calculate (4 + -9 - 4) + 8.
-1
Evaluate 3 - 7 - (5 + -2 + -2).
-5
4 + (-5 - (-1 + -3))
3
1 + 2 - (12 + -15)
6
Calculate -2 + 6 - (-5 - -10).
-1
(0 + -4 - 2) + 5
-1
Calculate -1 + 12 + (97 - 107).
1
(0 - 1) + -6 + 2
-5
Calculate 1 - (8 + (0 - (4 - 0))).
-3
What is 0 + 0 + (-3 - -5) + 4?
6
What is the value of 7 - 1 - (-17 - -19)?
4
Evaluate 6 + (5 + 3 - 12).
2
Evaluate 13 + -6 + (-6 - -2) + -3.
0
What is the value of 4 + (8 - 7) - 2?
3
Evaluate (-5 - (2 + -8 + -4)) + -4.
1
What is 0 - (-2 + 5) - -1?
-2
What is the value of (1 - 6) + (17 - 2)?
10
(3 - 2) + (-3 + 3 - -3)
4
-12 - -9 - (0 - 5)
2
Calculate -6 + 5 + (2 - (5 + 0)).
-4
Calculate 14 + -5 + -6 - (-2 - -1).
4
What is the value of (3 - (4 + -2 + 0)) + -6?
-5
What is the value of -7 - (9 - 5) - -4?
-7
Evaluate 7 + 0 + (4 - 7) + -2.
2
Evaluate 1 + 0 + -2 + (10 - 5).
4
1 - (8 - (10 + 0 + -5))
-2
What is the value of -2 - (2 + 2 + 1 + -5)?
-2
Calculate -2 + -4 + 1 + 2.
-3
What is 7 + -12 + (0 - -1)?
-4
What is -7 - (6 - 8) - 0?
-5
Calculate 10 - 14 - (-2 - -5).
-7
Calculate -9 - -3 - (-8 + 4).
-2
What is (7 - 2) + 1 + -10?
-4
Evaluate -1 + (4 - (-3 - -4)).
2
What is 11 - (5 + 2 + 12)?
-8
Calculate (29 - 26) + 1 + -2 + 5.
7
Evaluate 8 + (-1 - 2) + 65 + -65.
5
7 + -1 + 25 + -30
1
-3 - (-7 - 0) - 3
1
Calculate (-4 - 6) + 6 + 12 + -1.
7
What is the value of -3 - -1 - -2 - 0 - 3?
-3
What is -8 + (-11 - -2 - -7)?
-10
(2 - 10) + 7 - -8
7
(0 - -1 - (6 - 7)) + -8
-6
(-2 - (0 - (0 + -1))) + -1
-4
Evaluate -2 - ((5 - 18) + 2 - -3).
6
Calculate (-2 + -1 - -5) + -3.
-1
Calculate 0 + -8 + 1 - -7 - 5.
-5
What is -1 + 0 + (-8 - -13) + -7?
-3
What is the value of (-3 + -5 - -3) + -7 + 5?
-7
What is the value of -7 + 13 + -15 + 15?
6
Evaluate -1 + 2 - (22 - 15).
-6
Calculate -9 + 1 - -4 - -4.
0
What is the value of 2 + -7 + (0 + -1 - -5)?
-1
Calculate -3 - -1 - (5 + -10).
3
Evaluate 5 - (9 + -2) - 1.
-3
What is (9 - -3 - (-3 - -9)) + -9?
-3
Calculate 4 - (-1 - (-17 + 10)).
-2
What is -1 + (1 - -2) + 0?
2
What is the value of -9 + (11 + -2 - -2)?
2
(-9 - ((-1 - 7) + 2)) + -6
-9
Calculate (1 - 0) + 7 - (0 + 1).
7
19 - (20 + (-1 - 7))
7
Evaluate -12 + 9 + 20 + -10.
7
What is -2 + 8 + -3 + -2 + 1?
2
What is (9 - 11) + -5 - -11?
4
-2 - (-6 - 3 - -6)
1
Evaluate -3 + -3 + 1 + 3.
-2
-7 - (-5 - (-5 + -6 + 8))
-5
3 + (-7 - -16 - 10)
2
What is -4 + (1 - 1) + (27 - 23)?
0
Calculate -1 + 6 + 2 + 0.
7
Evaluate -2 + (-1 - -6 - -1) + -7.
-3
What is the value of 5 - -2 - 9 - (7 - 0)?
-9
Calculate 5 + -6 + 2 + -5.
-4
What is 11 - (-6 - (-13 + 1 + -1))?
4
What is -4 + 0 - (-9 + -7 + 15)?
-3
Calculate -5 + -4 + 3 + (2 - -1).
-3
What is the value of 5 + (1 + -7 - 4 - -5)?
0
6 - (3 + 0) - 1
2
What is (5 + 3 - 3) + -8?
-3
Calculate -5 - (0 - (0 - (-2 - 2))).
-1
What is the value of 14 - ((-12 - -5) + 16)?
5
Calculate 10 + -5 + -10 + 1 + 1.
-3
Evaluate 5 + -7 - -2 - 8.
-8
Evaluate -9 + -1 - (66 - 69).
-7
Evaluate (-7 + 9 - -1 - 1) + -5.
-3
What is the value of -11 + 7 - (-2 + (-1 - -1))?
-2
What is 3 + (-2 - -2) - -2?
5
Evaluate -9 + -3 + -2 + 8.
-6
Calculate -3 + 0 + -1 + 8.
4
-4 + 1 + -3 + 7
1
5 - (5 - 1 - -2) - -2
1
Evaluate (-3 - 0) + -4 + 7.
0
12 + -8 + 5 + -2 + -10
-3
Calculate 8 - -5 - 7 - 3.
3
Evaluate 2 + -11 + 2 - (4 + -6).
-5
What is the value of 2 - (4 - (-4 - -3)) - 2?
-5
Evaluate -12 - (-7 + -6 + 6).
-5
Evaluate 13 + -11 + 9 + -11.
0
What is the value of 1 + (2 - -1) + -5?
-1
Evaluate (-3 - 0) + 1 - 2.
-4
(-2 - 6) + (6 + 1 - 3)
-4
Calculate 5 - ((-1 - 3) + (0 - -5)).
4
-1 + 0 - ((-4 - -8) + -1)
-4
Evaluate 5 + (-8 - 4) + 4.
-3
20 + -15 + (-6 - 1)
-2
What is the value of 9 - 4 - (5 - 5)?
5
Calculate -8 - -9 - -9 - 8.
2
What is (1 - (11 - 5)) + 12?
7
What is (-3 - -14) + 8 + -14?
5
What is the value of -8 - (-8 - 7) - 13?
-6
What is 6 + 3 - (2 + 3)?
4
Calculate -2 - (-2 - (5 + -4)).
1
What is -1 + 4 - (-21 + 17)?
7
-7 + 11 + (10 - 20)
-6
What is the value of (1 - 0) + -3 + -1 + -1?
-4
Evaluate 0 + -2 - (-3 - -4 - 3).
0
(-1 - (1 + 0)) + 0 - 2
-4
What is -13 + (10 - 1) + 5?
1
Evaluate (-6 - -7) + -5 - (-4 + 2).
-2
Evaluate 20 - 20 - (10 + 1 + -3).
-8
What is -8 - (-1 + -7 + 16 + -12)?
-4
Evaluate -3 - ((-5 + 6 - 0) + 1).
-5
7 + (-5 + 10 - 6)
6
What is 8 - (16 - 5 - 5)?
2
What is (1 + 4 + -3 - 1) + -5?
-4
Calculate -3 + (4 - (5 + -2)).
-2
Calculate 1 + (-12 - -2 - -5).
-4
Evaluate (8 - 4) + -6 + -1 + 1.
-2
Calculate (0 - (1 + -3)) + 12 + -10.
4
4 + -1 - ((3 - 5) + 7)
-2
1 + 0 + 6 + -4 - -2
5
Calculate (13 - 8) + (1 - 7) + -5.
-6
What is the value of 3 + -3 - (6 + -1)?
-5
What is the value of (1 - (-2 + 2)) + -1 - 10?
-10
What is the value of (0 - (-3 + -2)) + 0?
5
What is -11 + -2 + 3 + 0 + 1?
-9
What is the value of -155 - -169 - (1 + 3)?
10
What is -1 - 3 - (7 + -14)?
3
What is 3 + (0 + -5 - (29 - 31))?
0
Evaluate -1 - (1 + 0 + -1).
-1
Calculate 20 + -9 + 8 + -11.
8
Evaluate 4 + -1 + 2 + 0.
5
Evaluate -5 - (-3 + (12 - 6) + -10).
2
What is 1 + 11 - (13 - (27 + -21))?
5
Evaluate -12 - -10 - (-10 - -7).
1
Calculate 42 + -39 + 0 + -7 + 1.
-3
What is the value of -7 - -12 - (-2 - -2)?
5
What is (-15 - 4 - -7) + (6 - 1)?
-7
What is the value of (-3 - (-7 + 6)) + 6?
4
Calculate (2 - 6) + (-15 - -19).
0
Calculate -13 + (-3 - -1 - -7).
-8
Calculate (1 - 6) + (38 - 37) + 1.
-3
What is -6 + 5 - (-8 - (0 - 2))?
5
What is the value of 10 + -3 + -16 + 8?
-1
What is the value of -8 + 4 + -3 - -2?
-5
Calculate 0 + (-4 - -2) + 0 + 1.
-1
What is the value of (1 - -10) + (-211 - -208)?
8
Evaluate 3 - (8 - 13) - 17.
-9
What is the value of -3 + (2 - 1) + -33 + 32?
-3
What is the value of -6 - (3 + -1 + (2 - 7))?
-3
Calculate -4 - -3 - (3 + (-1 - -1)).
-4
What is 6 + 1 - (5 - 3)?
5
Evaluate (8 - 3) + -2 - 4.
-1
What is the value of -10 + 6 + (4 - 2) + -3?
-5
Calculate 3 - (2 - 1) - (-13 - -18).
-3
0 + (0 - 2) + 2 + -3
-3
What is 16 + -11 + (-9 - 1)?
-5
Evaluate (1 - -5) + (-9 + -6 - -16).
7
What is the value of 1 + 8 + 4 - 8?
5
What is the value of -4 + -1 - (36 + -41)?
0